{"id":255,"date":"2021-09-10T13:06:44","date_gmt":"2021-09-10T10:06:44","guid":{"rendered":"https:\/\/www.silikajel.net\/?post_type=product&#038;p=255"},"modified":"2026-02-26T16:15:37","modified_gmt":"2026-02-26T13:15:37","slug":"silikajel-3grlik","status":"publish","type":"product","link":"https:\/\/www.silikajel.net\/?product=silikajel-3grlik","title":{"rendered":"Silikajel 3gr&#8217;l\u0131k"},"content":{"rendered":"<h1>silikajel nem al\u0131c\u0131 3 gr\u2019l\u0131k<\/h1>\n<h3>\u00dcretim sonras\u0131 sevkiyat ve depolarda saklama esnas\u0131nda havada bulunan nem ve rutubet, \u00fcr\u00fcnlerin ve ambalajlar\u0131n bozulmas\u0131na, k\u00fcflenmesine neden olabilir.<\/h3>\n<h4>Elektronik cihazlarda nemden dolay\u0131 bozulmalara yol a\u00e7abilir. Bu sebepten nem al\u0131c\u0131 silikajel&nbsp;<br \/>\n(Silica gel)&nbsp;\u00fcr\u00fcnlerinin kullan\u0131lmas\u0131 \u00fcr\u00fcnlerinizin korunmas\u0131nda yararl\u0131 olacakt\u0131r.<\/h4>\n","protected":false},"excerpt":{"rendered":"<h4>1000 adet&#8217;lik paketlerdedir ..<\/h4>\n","protected":false},"featured_media":257,"comment_status":"open","ping_status":"closed","template":"","meta":{"ngg_post_thumbnail":0},"product_brand":[],"product_cat":[375,460],"product_tag":[483,484,485,486,399,487,411,488,489,490,491,492,385,493,494,495,496,497,498,499,500,426,501,430,502,444,445,439,446,447,448,449,450,456,455,457,503,504,482,454,505,506,441,452,458,507,443,440,442,453,508,509,510,511,512,513,514,515,516,517,518,519,520,521,522,523,524,525,526,527,528,529,530,531,532,533,534,535,536,537,538,539,540,541,542,543,544,545,546,467,471,476,477,478,469,475,473,547,468,472,470,474,548,479,549,389,387,390,392,391,395,394,397,393,406,405,407,403,418,417,402,422,421,419,420,435,429,432,433,481,408,434,404,401,550,551,552,553,554,388,396,398,555,410,400,409,556,381,557,558,559,560,561,383,424,562,423,382,384,563,425,379,380,427,428,386,431,564,436,565,566,567,568,569,570,571,572,573,574,575,576,577,578,579,412],"class_list":{"0":"post-255","1":"product","2":"type-product","3":"status-publish","4":"has-post-thumbnail","6":"product_cat-urunler","7":"product_cat-silikajel-nem-alici","8":"product_tag-3-gram","9":"product_tag-3-gramlik-nem-alici","10":"product_tag-3gr","11":"product_tag-ankara","12":"product_tag-beyaz-silikajel","13":"product_tag-bursa","14":"product_tag-delta-silikajel","15":"product_tag-desicant","16":"product_tag-desiccant","17":"product_tag-desikant","18":"product_tag-dessicant","19":"product_tag-fiyatlari","20":"product_tag-indikatorlu","21":"product_tag-istanbul","22":"product_tag-izmir","23":"product_tag-kimted","24":"product_tag-korozyn-onleyici","25":"product_tag-korozyon-onleyici","26":"product_tag-kuf-giderici","27":"product_tag-kurutucu","28":"product_tag-mavi-silikajel","29":"product_tag-merck-silikajel","30":"product_tag-nem","31":"product_tag-nem-alici-silika-jel","32":"product_tag-nem-alici","33":"product_tag-nem-alici-aletler","34":"product_tag-nem-alici-ankara","35":"product_tag-nem-alici-aparat","36":"product_tag-nem-alici-boncuk","37":"product_tag-nem-alici-desikant","38":"product_tag-nem-alici-fiyatlari","39":"product_tag-nem-alici-granul","40":"product_tag-nem-alici-gtip","41":"product_tag-nem-alici-izmir","42":"product_tag-nem-alici-isicam","43":"product_tag-nem-alici-jel","44":"product_tag-nem-alici-kimyasal","45":"product_tag-nem-alici-kocaeli","46":"product_tag-nem-alici-kum-silica-gel","47":"product_tag-nem-alici-malzemeler","48":"product_tag-nem-alici-msds","49":"product_tag-nem-alici-paket","50":"product_tag-nem-alici-poset","51":"product_tag-nem-alici-rutubet-giderici","52":"product_tag-nem-alici-silika-jel-fiyat","53":"product_tag-nem-alici-silikajel","54":"product_tag-nem-alici-tablet","55":"product_tag-nem-alici-tablet-zararli-mi","56":"product_tag-nem-alici-torba","57":"product_tag-nem-alici-urunler","58":"product_tag-nem-alicilar","59":"product_tag-nem-cek","60":"product_tag-nem-cekici","61":"product_tag-nem-cekici-maddeler","62":"product_tag-nem-e-son","63":"product_tag-nem-emici","64":"product_tag-nem-engelleyici","65":"product_tag-nem-giderici","66":"product_tag-nem-giderici-tablet","67":"product_tag-nem-kovucu","68":"product_tag-nem-nasil-onlenir","69":"product_tag-nem-onler","70":"product_tag-nem-onleyici","71":"product_tag-nem-onleyiciler","72":"product_tag-nem-tut","73":"product_tag-nem-tutan","74":"product_tag-nem-tutucu","75":"product_tag-nem-tutucu-derince","76":"product_tag-nem-tutucu-kimyasal","77":"product_tag-nem-tutucu-maddeler","78":"product_tag-nem-ve-rutubet-emici","79":"product_tag-nem-ve-rutubet-giderici","80":"product_tag-nem-ve-rutubet-giderici-aparat","81":"product_tag-nem-ve-rutubet-onleyici","82":"product_tag-nem-ve-rutubet-onleyiciler","83":"product_tag-nemalici-com","84":"product_tag-nemcik","85":"product_tag-neme-son","86":"product_tag-nemeson","87":"product_tag-rutubet","88":"product_tag-rutubet-alici","89":"product_tag-rutubet-emici","90":"product_tag-rutubet-giderici","91":"product_tag-rutubet-nasil-onlenir","92":"product_tag-rutubet-onleme","93":"product_tag-rutubet-onleyici","94":"product_tag-rutubet-onleyiciler","95":"product_tag-saban-nem-alici","96":"product_tag-sertifika","97":"product_tag-silica-gel","98":"product_tag-silica-gel-cat-litter","99":"product_tag-silica-gel-cena","100":"product_tag-silica-gel-desiccant","101":"product_tag-silica-gel-desiccant-packs","102":"product_tag-silica-gel-fiyat","103":"product_tag-silica-gel-material","104":"product_tag-silica-gel-msds","105":"product_tag-silica-gel-ne-ise-yarar","106":"product_tag-silica-gel-nedir","107":"product_tag-silica-gel-nem-alici","108":"product_tag-silica-gel-nerede-satilir","109":"product_tag-silica-gel-sachet","110":"product_tag-silicagel","111":"product_tag-silicagel-desicant","112":"product_tag-silice-gel","113":"product_tag-silika-jel-al","114":"product_tag-silika-jel-ankara","115":"product_tag-silika-jel-antalya","116":"product_tag-silika-jel-araba","117":"product_tag-silika-jel-ayakkabi","118":"product_tag-silika-jel-bauhaus","119":"product_tag-silika-jel-boncuk","120":"product_tag-silika-jel-boya","121":"product_tag-silika-jel-bursa","122":"product_tag-silika-jel-cesitleri","123":"product_tag-silika-jel-cicek-kurutma","124":"product_tag-silika-jel-corlu","125":"product_tag-silika-jel-formulu","126":"product_tag-silika-jel-hammaddesi","127":"product_tag-silika-jel-hepsiburada","128":"product_tag-silika-jel-hs-code","129":"product_tag-silika-jel-ikitelli","130":"product_tag-silika-jel-istanbul","131":"product_tag-silika-jel-istoc","132":"product_tag-silika-jel-izmir","133":"product_tag-silika-jel-kimyasal-ozellikleri","134":"product_tag-silika-jel-nem-alici","135":"product_tag-silika-jel-ozellikleri","136":"product_tag-silika-jel-raf-omru","137":"product_tag-silika-jel-satis-nem-alici-cihaz","138":"product_tag-silika-jel-suda-cozunur-mu","139":"product_tag-silika-jel-teknik-ozellikleri","140":"product_tag-silika-jel-uretimi","141":"product_tag-silika-jel-com","142":"product_tag-silika-jel","143":"product_tag-silikagel","144":"product_tag-silikajel","145":"product_tag-silikajel-alimi","146":"product_tag-silikajel-ankara","147":"product_tag-silikajel-atik-kodu","148":"product_tag-silikajel-beyaz","149":"product_tag-silikajel-beyaz-nem-alici","150":"product_tag-silikajel-bursa","151":"product_tag-silikajel-degisimi","152":"product_tag-silikajel-desikator-boncuklari","153":"product_tag-silikajel-dokme","154":"product_tag-silikajel-firma","155":"product_tag-silikajel-fiyat","156":"product_tag-silikajel-fiyatlari","157":"product_tag-silikajel-gebze","158":"product_tag-silikajel-ilanlari","159":"product_tag-silikajel-istabul","160":"product_tag-silikajel-izmir","161":"product_tag-silikajel-kabi","162":"product_tag-silikajel-kimya","163":"product_tag-silikajel-kocaeli","164":"product_tag-silikajel-kullanim-omru","165":"product_tag-silikajel-market","166":"product_tag-silikajel-mavi","167":"product_tag-silikajel-mersin","168":"product_tag-silikajel-msds","169":"product_tag-silikajel-nedir","170":"product_tag-silikajel-nem-alici","171":"product_tag-silikajel-nem-alici-nedir","172":"product_tag-silikajel-nem-alma","173":"product_tag-silikajel-nem-tutucu","174":"product_tag-silikajel-online","175":"product_tag-silikajel-ozellikleri","176":"product_tag-silikajel-paket","177":"product_tag-silikajel-sanayi","178":"product_tag-silikajel-trafo","179":"product_tag-silikajel-yapisi","180":"product_tag-slica","181":"product_tag-slica-gel","182":"product_tag-slicagel","183":"product_tag-slikajel","184":"product_tag-sodium-silikat","185":"product_tag-sodyum-silicat","186":"product_tag-sodyum-silikat","187":"product_tag-takstil-icin-silikajel","188":"product_tag-tekstil-icin-nem-alici","189":"product_tag-trafo-icin","190":"product_tag-trafo-icin-nem-alici","191":"product_tag-trafo-icin-silikajel50grlik-silikajel","192":"product_tag-trafo-silikajel-degisimi","194":"first","195":"instock","196":"shipping-taxable","197":"product-type-simple"},"jetpack_sharing_enabled":true,"_links":{"self":[{"href":"https:\/\/www.silikajel.net\/index.php?rest_route=\/wp\/v2\/product\/255","targetHints":{"allow":["GET"]}}],"collection":[{"href":"https:\/\/www.silikajel.net\/index.php?rest_route=\/wp\/v2\/product"}],"about":[{"href":"https:\/\/www.silikajel.net\/index.php?rest_route=\/wp\/v2\/types\/product"}],"replies":[{"embeddable":true,"href":"https:\/\/www.silikajel.net\/index.php?rest_route=%2Fwp%2Fv2%2Fcomments&post=255"}],"wp:featuredmedia":[{"embeddable":true,"href":"https:\/\/www.silikajel.net\/index.php?rest_route=\/wp\/v2\/media\/257"}],"wp:attachment":[{"href":"https:\/\/www.silikajel.net\/index.php?rest_route=%2Fwp%2Fv2%2Fmedia&parent=255"}],"wp:term":[{"taxonomy":"product_brand","embeddable":true,"href":"https:\/\/www.silikajel.net\/index.php?rest_route=%2Fwp%2Fv2%2Fproduct_brand&post=255"},{"taxonomy":"product_cat","embeddable":true,"href":"https:\/\/www.silikajel.net\/index.php?rest_route=%2Fwp%2Fv2%2Fproduct_cat&post=255"},{"taxonomy":"product_tag","embeddable":true,"href":"https:\/\/www.silikajel.net\/index.php?rest_route=%2Fwp%2Fv2%2Fproduct_tag&post=255"}],"curies":[{"name":"wp","href":"https:\/\/api.w.org\/{rel}","templated":true}]}}